uppose 0 = 4*b - i*b. Suppose 4*h - 55 = -v, -4*v + 4*h + b*h + 280 = 0. Is v a prime number?
True
Suppose -558 = 3*g - 6*g. Let i = g - -63. Suppose 236 + i = p. Is p prime?
False
Let i = 21520 + -10661. Is i a prime number?
True
Let n be (-3)/((-6)/(-2))*-77. Let s(c) = c**2 + 10*c + 4. Let k be s(-8). Let d = n - k. Is d a composite number?
False
Is ((-2)/4)/(14/(-294812)) prime?
True
Let n = 12763 + 2160. Is n prime?
True
Let a(d) = -36*d**3 + 20*d**2 - 3*d - 3. Is a(-7) composite?
True
Suppose 8*k = 30618 + 6350. Is k prime?
True
Is 1240860/(-40)*(-2)/3 a composite number?
False
Suppose -2*l - 1662 - 1928 = 0. Let s = 2988 + l. Is s a composite number?
False
Suppose 1495 = 2*s - m, -4*s + m = 648 - 3639. Suppose -t - s = -5*t. Is t composite?
True
Let b be (18/(-99) + (-376)/110)*5. Is b/45 + 16734/10 a prime number?
False
Is (116908/33)/2*3 a prime number?
False
Suppose -5*j - 21 = -2*t, -5*t - 3*j - 2*j = -105. Let o be t/3 + -3 - 10. Let z(f) = -f**3 - 4*f**2 - 6*f - 2. Is z(o) a prime number?
False
Suppose 13*w - 9*w - 112 = 0. Suppose -29 = -3*s - 4*v, -2*v - 9 + w = 3*s. Suppose -s*p = k - 628, 6*k + 2*p = 2*k + 2522. Is k a prime number?
True
Let z = -6561 - -14764. Is z composite?
True
Let o(m) = -m + 1. Let z be o(4). Let i(c) = 2*c + 1 - 3*c - 14*c - 15*c - 16*c. Is i(z) a composite number?
False
Suppose -174*l + 2564177 = -163*l. Is l a composite number?
True
Let c(n) be the first derivative of 121*n**3/3 - n**2/2 - n - 11. Is c(-2) a prime number?
False
Let u(p) be the first derivative of -261*p**4/4 + 4*p**3/3 + p**2 - p - 28. Is u(-2) prime?
True
Let s = -11979 + 959. Is 10/(-35) - s/7 prime?
False
Let j = -262 - -480. Suppose 2*c + 0*l = -2*l + j, 434 = 4*c + 5*l. Is c a composite number?
True
Suppose 4*o + 41315 = 5*p, 20*o = -4*p + 21*o + 33052. Is p a prime number?
True
Let p(f) = -10*f**3 - 16*f**2 - 10*f + 1. Is p(-10) prime?
True
Let d = 5279 - 973. Is d prime?
False
Let i = -24713 + 41752. Is i a prime number?
False
Suppose 5*d = 3029 + 1491. Suppose 5*s = d + 531. Is s prime?
False
Let f be 5/2 - (-2)/(-4). Suppose 44 = f*g - 3*g. Let r = -9 - g. Is r composite?
True
Let h(c) = 3*c - 6. Let k be h(6). Let n = k + -8. Is 498/(-9)*(-6)/n a prime number?
True
Let q(x) = -x**2 + x + 1. Suppose o + 2*a - 1 = 2, 2*o + 2 = 4*a. Let y(c) = -c**3 - 3*c**2 - 13*c - 13. Let i(j) = o*y(j) + 6*q(j). Is i(-12) composite?
False
Suppose 7*t - 12*t = 0. Suppose t = b - 108 - 10. Is b a prime number?
False
Suppose 3*v = 5*h + 10548, 2*v - 7007 = -2*h - 3*h. Is v a prime number?
True
Let o be (-2 + 3)*(-10)/(-2). Suppose -k = 3*z - o*z - 17, -5*k - 4*z = -43. Suppose -2*y + 3*s + k + 9 = 0, -2*s + 4 = 0. Is y a composite number?
False
Let p be (-3 - 36/(-4))*1140/9. Suppose -2*a + 2919 = 5*n - p, -2*a = 6. Is n a prime number?
False
Suppose -1495 = -3*s + 4*j, 0*s + j + 1483 = 3*s. Is s a prime number?
False
Let z = 1 - -2. Let q be (4 - (1 + 3))/(-4). Suppose 106 + 155 = z*t + 4*j, q = 2*t - 2*j - 160. Is t prime?
True
Let a = 74 + -69. Suppose -a*v + 937 = -4*u, -2*u = 3*v - 6*u - 567. Is v prime?
False
Suppose -3*a = -1177 - 905. Is a a composite number?
True
Is 14/(0 + -2 - (-9456)/4724) prime?
False
Suppose 2*l - 5*z + 0*z + 48 = 0, -3*l - 50 = -2*z. Let i = 237 - l. Is i prime?
True
Suppose -2*c - 288 = -2*o, 2*o - 3*c - 181 = 108. Is o a prime number?
False
Suppose 2*v = v + 16. Suppose 0 = -5*l - 6 + v. Is 457/(-2)*l*-1 a prime number?
True
Let h(i) = 4 - 4 - 1666*i - 5 + 4. Let j be h(-1). Let b = j + -980. Is b a composite number?
True
Suppose 8*b - 2466 = 9526. Is b composite?
False
Let v(a) = 1 - 3 + 3 - 28*a - 3. Is v(-7) prime?
False
Suppose -2*c - 3*c - 549 = 4*f, -2*c + 4*f = 214. Let z = c - -231. Is z a composite number?
True
Is (1/(-1))/(4780/1594 + -3) prime?
True
Suppose -9806 + 50291 = 5*q. Is q prime?
False
Let v = 66 - 62. Suppose p = v*d - 5384, 2100 = d - 3*p + 754. Is d composite?
True
Let o(m) = -m**2 - 6*m + 2. Let c be o(-6). Suppose -q - c*q = 42. Is (220/8)/(-5)*q a composite number?
True
Suppose 0 = -2*f - 3*f - 2*g - 350, -5*f - 370 = -2*g. Let w = -177 - -38. Let a = f - w. Is a a prime number?
True
Let m = 4 + 2. Suppose 4*o - m = 2*o. Suppose -o*q + 6*q = -2*y + 329, q = -3*y + 490. Is y a composite number?
False
Let d(h) = 8*h**2 + 3*h + 96. Is d(-43) a prime number?
True
Is -7*(5922/(-12) + 2)*2 prime?
False
Let c(g) = -717*g + 6. Let h be c(-11). Suppose z - 10*z + h = 0. Is z composite?
False
Let l(f) = -6*f**3 + 18*f**2 + 20*f - 22. Let z(w) = -7*w**3 + 18*w**2 + 20*w - 22. Let n(m) = -6*l(m) + 5*z(m). Let a be n(19). Is a/(-1) + (16 - -8) prime?
False
Suppose -46 + 2 = -2*u. Suppose 21*j = u*j - 201. Is j prime?
False
Let i(b) = -856*b + 91. Let l(q) = -428*q + 45. Let s(y) = -4*i(y) + 9*l(y). Is s(-11) composite?
True
Let v(p) = 8*p - 26. Let k be v(4). Is ((-10316)/(-12))/(2/k) a prime number?
True
Let q = 24544 - 10617. Is q a composite number?
True
Let j(z) = -z**2 + 7*z + 2. Let h = 14 + -7. Let g be j(h). Is g/((-3)/(534/(-4))) prime?
True
Let a = 4331 - 2788. Is a prime?
True
Suppose -29*o - 8*o = -1415657. Is o composite?
False
Let d(z) = -z + 18. Let p = 6 - 6. Let x be d(p). Suppose q = -q + x. Is q a prime number?
False
Suppose -412622 = -16*d - 4926. Is d composite?
True
Suppose 0*k - 4*k = -25028. Is k prime?
True
Let i be 30 - (2/2 + 1). Suppose m + 3*m = 5*h + i, 3*m + h - 2 = 0. Suppose -4*z = -m*q - 138, -2*z = z + q - 116. Is z a composite number?
False
Let o = -6 - -6. Let g(t) = -t**2 - t + 2. Let v be g(o). Suppose -4*u + 24 = -v*q, q = -u - 3*q + 6. Is u prime?
False
Suppose 0 = -5*m + 6 + 9. Suppose -m*n = -n, -5*n = v - 1. Is 117 - (v + 2 + -1) a prime number?
False
Suppose -12281 - 4590 = -t. Is t a composite number?
False
Suppose 0 = -k + 3*f + 62, 3*k = -2*k - 4*f + 291. Is k prime?
True
Let v be (-32)/10*(-20)/8. Suppose v*y - y = 8029. Is y a composite number?
True
Suppose -14*z + 6*z + 48 = 0. Is ((-541)/z)/((-5)/30) composite?
False
Let z = 533 + -406. Is z prime?
True
Let v = -3963 + 9076. Is v a composite number?
False
Let t = -1180 + 3153. Is t prime?
True
Let m(n) = n**3 - 14*n**2 - 2*n + 8. Let b be m(15). Suppose 4*g + b = 5*g. Is g composite?
True
Suppose -3*t + 2*k = -2582 - 90, -5*k + 1794 = 2*t. Suppose -j = 2, j = 2*m - 2*j - t. Suppose v - 3*v + 3*l + 295 = 0, m = 3*v - 4*l. Is v composite?
False
Let n(i) = i**3 + 4*i**2 - i - 6. Let d be n(-3). Suppose 4506 = -3*r + d*r. Is r a composite number?
True
Suppose -2*h - 192 = -3*y, -4*y + 286 = -5*h + 30. Is (-6)/(-8) - (-10256)/y prime?
False
Suppose 23*z - 81350 = 13*z. Is z composite?
True
Suppose -4*x + 3*p = -x - 2922, -3 = p. Is x composite?
False
Suppose -107*i + 127*i - 5860 = 0. Is i composite?
False
Let g = -21 - -29. Suppose -g + 0 = 4*x. Is (157/x)/(1/(-2)) composite?
False
Let w be 12/15 - 5/((-25)/6811). Suppose -3*n - w = -3994. Is n prime?
True
Let y be (2/1)/(26/(-19435)). Let t = y - -5156. Is t composite?
True
Let b = -4372 - -2109. Let r = 6476 + b. Is r/77 + 4/14 composite?
True
Let m = 16 + -12. Let o(v) = 59*v**2 - 7*v + 6. Is o(m) a prime number?
False
Is (44/110 + 1/10)*16738 prime?
True
Let r(x) = 26*x**3 - x**2 + 23*x - 15. Is r(8) a prime number?
True
Suppose -3*u + 29 = 4*l, 5*u + 3 + 2 = 4*l. Suppose 5*x - 4*j - 3049 = 0, l*x + j - 4855 = -1786. Is x a composite number?
False
Let k = -10 + 4. Let q(j) = -33*j + 4. Let f be q(k). Suppose -3*u + u = -4*p + f, 179 = 3*p + 4*u. Is p prime?
True
Let c = 1 - -37. Let b(v) = v**2 + 8*v + 12. Let n be b(-9). Suppose -g + 3*g = 4*r - c, 2*r - n = -g. Is r prime?
False
Suppose 0 = -3*p - 9, -m - 4*p = 4*m - 1448. Suppose 4*b = l - 105, 2*l - 4*b - 48 = 146. Let x = m - l. Is x composite?
True
Suppose -3 = -s, 2*s + 1662 = -128*o + 132*o. Is o a prime number?
False
Is (-2)/(-4) - (-1)/(12/255102) prime?
False
Is 19190 + (46/(-115) - (-17)/5) a composite number?
True
Suppose 0 = -2*y + 8 - 2. Suppose 0 = -y*h + 2*h + 9. Is 57/h*(3 + 0) a composite number?
False
Suppose -10*i + 8*i = 6. Is (-2 - 7/i) + 3624/9 a composite number?
True
Suppose -5*j = 5*h - j - 3119, -j = 3*h - 1877. Let v = 1159 + -611. Suppose 5*d - v = h. Is d a composite number?
True
Suppose -19 = -4*k + 5*i, i + 0*i - 2 = -5*k. Let r(q) = 185*q**2 + 2*q - 2. Let m